
List the prime factors of 22479114.
2, 3, 7, 181, 2957
What are the prime factors of 1063085?
5, 173, 1229
What are the prime factors of 2299547?
2299547
What are the prime factors of 304999?
41, 43, 173
What are the prime factors of 268627?
29, 59, 157
What are the prime factors of 567373?
113, 5021
What are the prime factors of 123583?
123583
What are the prime factors of 467443?
61, 79, 97
List the prime factors of 49712.
2, 13, 239
List the prime factors of 294398.
2, 13, 67
List the prime factors of 213893.
107, 1999
List the prime factors of 21608085.
3, 5, 31, 1499
List the prime factors of 955079.
31, 30809
List the prime factors of 221495.
5, 31, 1429
List the prime factors of 227184.
2, 3, 4733
What are the prime factors of 1986377?
283, 7019
List the prime factors of 7700531.
7700531
What are the prime factors of 329530?
2, 5, 31, 1063
List the prime factors of 1201026.
2, 3, 200171
List the prime factors of 5446096.
2, 340381
What are the prime factors of 108023?
108023
List the prime factors of 895863.
3, 298621
List the prime factors of 18434433.
3, 1087, 5653
List the prime factors of 26486544.
2, 3, 7, 17, 4637
List the prime factors of 4466740.
2, 5, 223337
List the prime factors of 118952.
2, 14869
List the prime factors of 405101.
29, 61, 229
What are the prime factors of 4086454?
2, 227, 9001
What are the prime factors of 1393107?
3, 233, 1993
List the prime factors of 101918.
2, 131, 389
List the prime factors of 180220.
2, 5, 9011
List the prime factors of 10108132.
2, 17, 23, 281
What are the prime factors of 285985?
5, 7, 8171
What are the prime factors of 381489?
3, 127163
What are the prime factors of 7254373?
7, 1036339
What are the prime factors of 20792686?
2, 1181, 8803
What are the prime factors of 801992?
2, 17, 5897
List the prime factors of 673950.
2, 3, 5, 4493
List the prime factors of 7553442.
2, 3, 13, 179, 541
What are the prime factors of 9313499?
13, 43, 16661
What are the prime factors of 3398426?
2, 1699213
What are the prime factors of 261408?
2, 3, 7, 389
List the prime factors of 3939789.
3, 7, 43, 4363
What are the prime factors of 1847594?
2, 7, 17, 1109
What are the prime factors of 152482?
2, 11, 29, 239
List the prime factors of 869879.
869879
What are the prime factors of 2126338?
2, 29, 61, 601
List the prime factors of 9322492.
2, 443, 5261
List the prime factors of 2079311.
13, 307, 521
List the prime factors of 1389858.
2, 3, 231643
List the prime factors of 187514.
2, 29, 53, 61
List the prime factors of 146225.
5, 5849
What are the prime factors of 502500?
2, 3, 5, 67
What are the prime factors of 3015224?
2, 19, 83, 239
What are the prime factors of 537506?
2, 17, 15809
List the prime factors of 1926312.
2, 3, 80263
What are the prime factors of 258989?
19, 43, 317
What are the prime factors of 152783?
152783
What are the prime factors of 285780?
2, 3, 5, 11, 433
List the prime factors of 5569982.
2, 11, 17, 53, 281
What are the prime factors of 3674812?
2, 131, 7013
What are the prime factors of 3722420?
2, 5, 13, 103, 139
List the prime factors of 377122.
2, 193, 977
What are the prime factors of 194972?
2, 79, 617
List the prime factors of 419031.
3, 46559
What are the prime factors of 283602?
2, 3, 11, 4297
List the prime factors of 1954940.
2, 5, 13, 73, 103
List the prime factors of 967425.
3, 5, 12899
What are the prime factors of 8850865?
5, 19, 151, 617
List the prime factors of 2800576.
2, 43759
What are the prime factors of 4007667?
3, 1335889
List the prime factors of 1126286.
2, 7, 80449
List the prime factors of 2650091.
2650091
What are the prime factors of 819562?
2, 409781
What are the prime factors of 567460?
2, 5, 17, 1669
List the prime factors of 254001.
3, 11, 43, 179
List the prime factors of 1050274.
2, 525137
What are the prime factors of 1286035?
5, 31, 8297
What are the prime factors of 5517981?
3, 7, 87587
What are the prime factors of 155255?
5, 31051
What are the prime factors of 5141866?
2, 2570933
List the prime factors of 2148122.
2, 1074061
List the prime factors of 233232.
2, 3, 43, 113
What are the prime factors of 1770563?
23, 3347
List the prime factors of 1254138.
2, 3, 43, 4861
List the prime factors of 7406815.
5, 13, 17, 6703
What are the prime factors of 192997?
7, 79, 349
List the prime factors of 221289.
3, 17, 4339
What are the prime factors of 1360041?
3, 453347
What are the prime factors of 6362225?
5, 254489
What are the prime factors of 449022?
2, 3, 7, 10691
What are the prime factors of 1068980?
2, 5, 11, 43, 113
List the prime factors of 1061776.
2, 66361
What are the prime factors of 2575666?
2, 31, 41543
List the prime factors of 78860.
2, 5, 3943
What are the prime factors of 40476?
2, 3, 3373
What are the prime factors of 1151392?
2, 11, 3271
What are the prime factors of 3890954?
2, 797, 2441
List the prime factors of 415144.
2, 51893
What are the prime factors of 2344977?
3, 86851
What are the prime factors of 187981?
317, 593
List the prime factors of 28057079.
23, 41, 29753
List the prime factors of 86624.
2, 2707
What are the prime factors of 671548?
2, 167887
List the prime factors of 2112818.
2, 71, 14879
List the prime factors of 450523.
31, 14533
List the prime factors of 1524284.
2, 381071
List the prime factors of 761013.
3, 11, 7687
List the prime factors of 1238354.
2, 13, 47629
What are the prime factors of 1631087?
647, 2521
List the prime factors of 235619.
19, 12401
What are the prime factors of 22804462?
2, 11402231
List the prime factors of 11604181.
11604181
What are the prime factors of 254703?
3, 59, 1439
List the prime factors of 2605630.
2, 5, 67, 3889
What are the prime factors of 10609029?
3, 392927
List the prime factors of 7553.
7, 13, 83
List the prime factors of 74206.
2, 11, 3373
What are the prime factors of 7660972?
2, 11, 157, 1109
What are the prime factors of 1352135?
5, 19, 43, 331
List the prime factors of 2263038.
2, 3, 377173
What are the prime factors of 336465?
3, 5, 7477
What are the prime factors of 30843432?
2, 3, 443, 967
What are the prime factors of 2799074?
2, 1399537
What are the prime factors of 691175?
5, 27647
What are the prime factors of 258382?
2, 23, 41, 137
What are the prime factors of 714550?
2, 5, 31, 461
List the prime factors of 1305241.
7, 199, 937
List the prime factors of 212873.
212873
What are the prime factors of 1850879?
23, 80473
List the prime factors of 531763.
389, 1367
What are the prime factors of 4618696?
2, 17, 33961
List the prime factors of 403377.
3, 13, 10343
List the prime factors of 588030.
2, 3, 5, 17, 1153
List the prime factors of 1603532.
2, 7, 57269
What are the prime factors of 218252?
2, 54563
List the prime factors of 3960557.
3960557
What are the prime factors of 2190266?
2, 13, 61, 1381
List the prime factors of 1453108.
2, 363277
What are the prime factors of 1592647?
7, 32503
What are the prime factors of 5552238?
2, 3, 925373
List the prime factors of 3814434.
2, 3, 13, 16301
List the prime factors of 1447603.
83, 107, 163
List the prime factors of 970922.
2, 23, 21107
What are the prime factors of 263169?
3, 19
List the prime factors of 415269.
3, 46141
List the prime factors of 130991.
7, 18713
List the prime factors of 1391797.
11, 29, 4363
List the prime factors of 2958290.
2, 5, 29, 101
List the prime factors of 580268.
2, 13, 11159
List the prime factors of 1220051.
7, 3557
List the prime factors of 41791.
23, 79
List the prime factors of 259477.
313, 829
What are the prime factors of 7825174?
2, 7, 367, 1523
List the prime factors of 9123272.
2, 23, 179, 277
List the prime factors of 738170.
2, 5, 97, 761
List the prime factors of 510104.
2, 7, 9109
List the prime factors of 895527.
3, 19, 5237
List the prime factors of 209203.
209203
List the prime factors of 3074025.
3, 5, 17, 2411
List the prime factors of 4386908.
2, 1096727
What are the prime factors of 10272890?
2, 5, 1027289
What are the prime factors of 397528?
2, 17, 37, 79
List the prime factors of 417223.
29, 14387
List the prime factors of 2807471.
97, 103, 281
List the prime factors of 15431969.
7, 43, 167, 307
List the prime factors of 19724600.
2, 5, 7, 73, 193
List the prime factors of 1032010.
2, 5, 7, 23, 641
List the prime factors of 300508.
2, 13, 5779